Let b = -5 + 26. Calculate the remainder when 56 is divided by b.
14
Let h be 76/10 - 4/(-10). Suppose p - 6 = h. Calculate the remainder when 54 is divided by p.
12
Suppose 3*t - 60 = -2*t. What is the remainder when t is divided by 3?
0
Suppose -5*s + 16 = -79. Suppose 3*k = 2*k + s. What is the remainder when k is divided by 10?
9
Let f be (-6)/(-2)*(-8)/6. Let d be -1 - -59 - f/2. Suppose -4*s + d = 2*h, 2*s - h - 17 - 17 = 0. What is the remainder when s is divided by 6?
4
Suppose 4*w = -4*v + 16, 2*v - 3*v + w = 0. Let j(o) = 7*o**2 - 3*o + 5*o + o**v - 8 - o**3. Calculate the remainder when j(7) is divided by 19.
17
Let j be 1/(((-6)/9)/(-2)). Suppose -5*l = -j*q + 24, -4*q = -0*l + 3*l - 3. What is the remainder when 27 is divided by (q/3)/(2/20)?
7
Let q be 16/(-12)*(-6)/(-4). Let z be (1 - q) + -1 - 2. Suppose z*f + 55 = 5*f. Calculate the remainder when 43 is divided by f.
10
Suppose 5*t + 3*g = 8*g, 0 = -t - 2*g + 9. What is the remainder when 37 is divided by 75/4 + t/12?
18
Let s(g) = -g**3 + 8*g**2 + 2*g + 10. Calculate the remainder when s(8) is divided by 10.
6
Suppose 3*y - l = -2*y + 78, 2*y - l - 33 = 0. What is the remainder when 27 is divided by y?
12
Let g(j) = j**3 + 4*j**2 - 7*j - 4. Let n(b) = -2*b**2 - 19*b - 9. Calculate the remainder when n(-8) is divided by g(-5).
3
Suppose 99 = r + 2*v + v, -3*r - v + 305 = 0. What is the remainder when r is divided by 26?
24
Suppose 147 = 4*v + 3*z - 3, 2*z + 68 = 2*v. What is the remainder when (4/(-6))/((-1)/v) is divided by 9?
6
Let q be 4/(-26) - (-1460)/26. Let k be (4 - 1)/(21/q). Suppose -u - k = -43. Calculate the remainder when u is divided by 12.
11
Suppose 9 - 3 = 3*i. Suppose -i*n + 10 = -10. Let f = 82 + -45. What is the remainder when f is divided by n?
7
Let d be (1/3)/(4/(-12)). Let h be (d/2)/((-2)/20). Suppose 0*f = -2*f - 5*x + 105, x = h. What is the remainder when f is divided by 21?
19
Suppose 2*s - 22 = 3*k + 23, s - 4*k = 25. Calculate the remainder when 102 is divided by s.
18
Let h = 0 - 0. Suppose 5*r + h*r = 2*j + 290, 4*j = 0. Suppose -f + 20 = -0. Calculate the remainder when r is divided by f.
18
Let t = 8 + -2. Let y = 21 + -6. What is the remainder when y is divided by t?
3
Suppose 5*r - 14 + 4 = 0. Suppose 0 = 2*h + 3*t - 0*t - 71, 2*t = r*h - 96. What is the remainder when h is divided by 11?
10
Let y(h) be the first derivative of h**4/2 + 2*h**3/3 - h**2 + h + 1. Let i = -6 + 10. Calculate the remainder when i is divided by y(1).
1
Let y = 23 - -96. Calculate the remainder when 22 is divided by 1/3 + y/21.
4
Let x(i) = 3*i - 4. Calculate the remainder when 1598/51 - (-2)/3 is divided by x(5).
10
Suppose 69 - 9 = 5*d. What is the remainder when 67 is divided by d?
7
Let z = -38 - -57. Suppose 0*x - 292 = -4*x. What is the remainder when x is divided by z?
16
Let r be (0/1)/(-1 + 0). Suppose r*w - 21 = -3*w. Suppose -3*q + w*q - 116 = 0. What is the remainder when q is divided by 10?
9
Suppose -10*m = -14*m + 84. Calculate the remainder when m is divided by 6.
3
Let q = -21 + 34. Let h be 14/5 - (-2)/10. Suppose -2*n + h*o + 68 = 0, -117 = -5*n + 2*n - 3*o. Calculate the remainder when n is divided by q.
11
Let f = 32 + -19. What is the remainder when 63 is divided by f?
11
Let g = -35 + 83. Suppose -2*x - x + g = 0. Calculate the remainder when 62 is divided by x.
14
Let j = 37 + -19. Let g be 1 - (0 + 3/(-3)). Suppose -2*p = -0*p, -g*i + 20 = -2*p. What is the remainder when j is divided by i?
8
Let u(y) = 30*y**2 - 2*y + 1. Calculate the remainder when u(1) is divided by 11.
7
Let x = 41 - -45. What is the remainder when x is divided by 30?
26
Suppose i - 4*c = -2*i + 191, 0 = -2*i - 5*c + 158. Calculate the remainder when i is divided by 18.
15
Suppose 7 + 37 = 4*h. Let q = -80 - -83. Calculate the remainder when h is divided by q.
2
Let h(l) = -l**2 + 6*l + 2. Let c be h(5). Suppose -16 = -c*r + 3*r. Suppose r*k = 22 + 54. What is the remainder when 55 is divided by k?
17
Suppose 3*j + 5*p - 50 = p, 4*p + 6 = j. Let z(h) = h + 13. What is the remainder when j is divided by z(-5)?
6
Suppose 0 = -5*r + 5, -p - r + 7 = 4*r. Calculate the remainder when 9 is divided by p.
1
Suppose 10 = -f - 0*f. Let m be 10/4 + 5/f. What is the remainder when 6/(-3) + m - -31 is divided by 11?
9
Suppose -3*n + 92 + 46 = 0. Calculate the remainder when n is divided by 12.
10
Let j(u) = u**2 - 12*u - 5. Let v be j(13). Suppose 3*h - 44 + v = 4*g, 5*h - 28 = -4*g. What is the remainder when h is divided by 5?
3
Let l be (-1 + 2)/((-1)/(-6)). Let m = -22 - -36. Calculate the remainder when (82/l)/((-2)/(-6)) is divided by m.
13
Suppose 4*b + 60 = -3*k + 7*k, 5*k - 120 = -4*b. Let i = k + -1. What is the remainder when 54 is divided by i?
16
Suppose -57 = -3*q - 15. Let n(x) = x**3 - 4*x**2 + 3*x. What is the remainder when n(5) is divided by q?
12
Suppose -3*b - 49 = -145. Calculate the remainder when b is divided by 6.
2
Let y = -134 - -147. Calculate the remainder when 63 is divided by y.
11
Suppose 4*j + 23 = -2*z + 145, 3*z - 5*j = 172. What is the remainder when z is divided by 20?
19
Let d(m) = -3*m - 23. What is the remainder when 73 is divided by d(-14)?
16
Let i(r) = -r + 10. Let o be i(8). Suppose -o*q = -5*q + 45. What is the remainder when 43 is divided by q?
13
Let k(i) = i**3 + 15*i**2 + 30*i + 9. Calculate the remainder when k(-12) is divided by 42.
39
Let m(j) = j**3 + 2*j**2 - 2. Let r be m(-2). What is the remainder when r/8 - 660/(-16) is divided by 21?
20
Suppose -6*x + 4*x = -22. What is the remainder when 43 is divided by x?
10
Let t(d) = 3*d. Let v = -2 + 2. Let o = 1 - v. Calculate the remainder when t(o) is divided by 2.
1
Suppose -9*w + 31 = -41. What is the remainder when 23 is divided by w?
7
Let x(r) = -r**2 - 13*r - 13. Calculate the remainder when 49 is divided by x(-10).
15
Let o(i) = i**2 + 4*i + 5. Let k be o(-7). Let v = k + -16. What is the remainder when 18 is divided by v?
8
Suppose 0 = 5*q - d - 128, -3*q + 6 = 4*d - 57. Suppose v = 6*v + q. Calculate the remainder when 8 is divided by (3/(-5))/(1/v).
2
Let h = 76 - 72. Calculate the remainder when 5 is divided by h.
1
Let w = 163 + -157. Calculate the remainder when 21 is divided by w.
3
Let t(f) = f**2 - 5. Let g(m) = -m**3 - 8*m**2 + 4. Let x be g(-4). What is the remainder when t(-6) is divided by (4/3)/((-5)/x)?
15
Let d = 7 - 2. Suppose 40 = d*g - 0*g + 5*q, -q - 19 = -2*g. What is the remainder when (g/12)/((-2)/(-72)) is divided by 7?
6
Suppose 0 = 5*n + 3*o + o - 222, 4*n + 4*o - 180 = 0. Calculate the remainder when n is divided by 15.
12
Suppose -2*x - 2*x + 2 = -f, 4*x = 16. Suppose 31 + f = t. Calculate the remainder when t is divided by 12.
9
Let y(s) = -s**3 + 8*s**2 + 9*s + 4. Suppose 5*z = 3*p + 42, 3*z + 2*p = -0*z + 10. What is the remainder when z is divided by y(9)?
2
Suppose -5*c - 2*q + 152 = 0, c - 3*q + 8*q = 12. Calculate the remainder when 93 is divided by c.
29
Suppose d = 10 - 8. Let y be 3/15 - (-2)/(-10). What is the remainder when d is divided by 2 + 2/4*y?
0
Suppose 10*h = 11*h - 22. Calculate the remainder when 86 is divided by h.
20
Let q be 26/3 - 1/(-3). Suppose a - q = -1. What is the remainder when a is divided by 5?
3
Suppose d + 62 = w - 78, -2*d = w - 140. Suppose 4*t + w = 3*i, 142 = 2*i + i - 5*t. What is the remainder when i is divided by 15?
14
Calculate the remainder when -33*40/(-15) + 4 is divided by 19.
16
What is the remainder when (-890)/(-14) - -2 - 6/(-14) is divided by 23?
20
Let n(v) = -30*v - 1. Let l(o) = -59*o - 3. Let g(j) = 2*l(j) - 5*n(j). Calculate the remainder when 91 is divided by g(1).
29
Let v(i) = i**3 + 7*i**2 + 6*i - 2. Let n be v(-6). Let d be (-3)/((-3)/(-1) + n). What is the remainder when 14 is divided by (-4)/(-2 + 0) - d?
4
Let l = 26 - 19. What is the remainder when l is divided by 5?
2
Let l = 57 - 23. Let s = l + -24. Suppose s = -4*c + 58. Calculate the remainder when 45 is divided by c.
9
Let i = 8 - 15. Let d(y) = 8*y**2 + y**3 + 55 - 51 + 2*y + 3*y. Calculate the remainder when 52 is divided by d(i).
16
Let x be (8/3)/((-2)/3). What is the remainder when 1 is divided by x*4/8 - -3?
0
Let u = 38 + -27. Calculate the remainder when u is divided by 5.
1
Suppose t - p - 26 = 2*p, 5*t = 5*p + 